3 + 3*d**2 - d - 1. Let r be a(1). Let k = r - -2. Give x(k).
2
Let h(w) = 2*w - 18. Let k = -2119 + 2133. Determine h(k).
10
Suppose 0 = 4*x - 7*x - 7*x. Let v(o) = -o - 4. Let j be v(-4). Let p(f) = 0 + j - f + 3. Determine p(x).
3
Let z(c) = -c**2. Let u(r) = 5*r**2 - r + 3. Suppose 0 = -0*w - 5*w + 3*x - 2, -w + 2 = -3*x. Let s(l) = w*u(l) - 6*z(l). Let b = -5 - -5. What is s(b)?
-3
Suppose 3 = i - 8. Let h(f) = 2 + 2 - i + f. Suppose 6*z = 10*z. What is h(z)?
-7
Let t = -19 + 10. Let h(b) = 15*b + 4. Let z(a) = 34*a + 9. Let u(l) = 9*h(l) - 4*z(l). Calculate u(t).
9
Suppose 5*r + 5*o - 4*o = 771, 3*r - 4*o - 458 = 0. Let x = r - 147. Let i(w) be the third derivative of w**5/60 - w**4/4 + 5*w**3/6 - w**2. Determine i(x).
12
Let c be (17 - 23)/((-3)/(-2)). Let o(u) = u + 4*u + u. Determine o(c).
-24
Let i(b) = -3*b**2 - 10 - b**3 - b**2 - 10*b**2 - 6*b - 7*b**2 + 16*b**2. What is i(-4)?
-2
Let h(g) = g**3 + 3*g**2 + 14*g + 61. Let n be h(-4). Let s(c) = -c**2 - 11*c + 1. Give s(n).
1
Let n(w) = 2*w - 2. Suppose -4*z + 0*z - 4 = 0. Let u = 3 - z. Let o be 77/22 - (-2)/u. What is n(o)?
6
Let b(t) = -t**3 - 6*t**2 + 9*t + 4. Suppose 6 = 3*y - 81. Suppose 2*z - 1 - y = 0. Suppose -z - 6 = 3*c. What is b(c)?
-10
Let h = 100 + -95. Let m(u) = -2*u**2 + 6*u + 7. Give m(h).
-13
Let z = -14 - -46. Let g be (8/(-3))/4*(-48)/z. Let a(j) be the third derivative of -j**5/6 + j**4/12 - j**3/6 + j**2. Calculate a(g).
-9
Let f = -646 + 650. Let w(m) = -4*m**2 + m - 8. Let d(a) = a**2 + a + 1. Let c be ((-3)/(-6))/((-2)/12). Let n(h) = c*d(h) - w(h). What is n(f)?
5
Let w(r) be the first derivative of -r**4/4 - 4*r**3/3 - 4*r - 17. Let q(x) = 3*x**3 + 8*x**2 + x + 8. Let l = 0 - -2. Let p(c) = l*q(c) + 5*w(c). Give p(4).
4
Let b = 0 + 1. Let z = b - -1. Let u(x) = 5*x**3 - 3*x**2 - 2*x + 3. Let m(j) = j**3 - j**2 - j + 1. Let f(s) = -6*m(s) + u(s). Calculate f(z).
9
Suppose 50 = p - 7. Let x(n) = p*n - 8 + 4 - 1 - 58*n. Determine x(-4).
-1
Let g(z) = z**2 - 4*z + 1. Suppose -4 = 5*m - 6*m. Let o be g(m). Let k(l) = 19*l - 3. Let a(u) = -9*u + 1. Let c(r) = 5*a(r) + 2*k(r). Give c(o).
-8
Let q(l) = -3*l - 9. Suppose 3*i - 56 = -11. Let z be (i/(-2) - -3)/((-6)/(-8)). What is q(z)?
9
Suppose 0 = v - s, -2*v - 24 + 33 = -5*s. Let o(r) = 0*r - 2*r**2 + r - 6*r - 3. Calculate o(v).
-6
Let w(q) = 7*q**3 + 5*q**2 - 9*q - 6. Let g(s) = -20*s**3 - 15*s**2 + 26*s + 17. Let x(i) = 6*g(i) + 17*w(i). Determine x(-6).
18
Let a(x) = -3*x - 4 - 10 - 2*x + x**2 + 5*x + 3*x. What is a(-6)?
4
Let h(n) = n**3 - 12*n**2 + 12*n - 3. Let g be (-1 + 10/4)*124/31. Let d(q) = 4*q - 13. Let y be d(g). What is h(y)?
8
Let z = 27 - 22. Let q(v) = -4 - v**2 + 5 - z*v + 6. Give q(-6).
1
Let t be (-6)/(-10) - 2/(-5). Suppose 0*k = -2*k + r + 1, t = 5*k - r. Let v(c) = c**2 + c + 11. Give v(k).
11
Let f(t) be the third derivative of 2*t**4/3 + t**3/6 + 2*t**2 + 308*t. Calculate f(-1).
-15
Let a(m) = -6*m**3 + m**2 - m + 3. Let f(r) = 7*r**3 - r**2 + r - 4. Let g(u) = -6*a(u) - 5*f(u). Let s = 88 + -86. What is g(s)?
8
Let x(l) = -l - 1 + 3*l**2 + 0 - 91*l**3 + 94*l**3 - 2*l**2. What is x(-1)?
-2
Suppose 0 = v - 1 - 10. Let a = -4 - v. Let x be ((-10)/4)/(a/30). Let c(p) = p - 10. What is c(x)?
-5
Let i(w) = 5*w**2 - 4*w - 11. Let k(o) = -6*o**2 + 5*o + 13. Let t(g) = -5*i(g) - 4*k(g). What is t(3)?
-6
Let s(g) = 5*g**2 + g + 1. Let p be ((-3)/(-2))/((-9)/(-12)). Let h be p/3*(-33)/22. Give s(h).
5
Let d(x) = -x**3 - 9*x**2 - 7*x + 7. Let b(i) be the second derivative of i**5/20 + 3*i**4/2 - i**3/6 - 13*i**2 - 2*i. Let h be b(-18). Give d(h).
-1
Let t(f) = -f + 1. Let z(v) = 6*v + 26. Let d be (-1)/6 - (-1 - (-70)/12). Let g be z(d). Determine t(g).
5
Let p(h) be the first derivative of h**2/2 - 3*h + 3341. Suppose d - 5*d + 28 = 0. What is p(d)?
4
Let k(v) = 4*v**2 + 3 - 5 + 4 + v**3 - 5*v. Let z(p) = 2*p**3 + 3*p**2 - 1. Let b = 8 - 10. Let x be z(b). Determine k(x).
2
Let b(f) = -f**3 - 5*f**2 + 3*f - 3. Let r(m) = -m**2 - 25*m - 24. Let q be r(-19). Suppose 8 = 88*a - q*a. Give b(a).
-31
Let g(r) = r - 12. Let w be g(11). Let q(i) = -4*i - i**2 - 4 + 3*i**2 - i + 0*i**2. Let z(x) = -5*x**2 + 14*x + 11. Let m(k) = 11*q(k) + 4*z(k). Give m(w).
1
Let s = 5 - 10. Let o(t) = -14*t - 29. Let n(h) = 5*h + 4. Let a(y) = 1. Let g(u) = 6*a(u) + n(u). Let p(k) = 8*g(k) + 3*o(k). What is p(s)?
3
Suppose 4*k + 3*l - 125 = 0, 2*l = 2*k + k - 98. Let s = -23 + k. Let r(n) = 0 - n - n - n**2 - s*n**3 - 1. What is r(-1)?
9
Suppose -13*b - b + 56 = 0. Let w(s) = b + 0 - 1 + 3*s. Give w(-5).
-12
Let f(o) = -168*o**2 + 56*o**2 + 3 + 56*o**2 + 57*o**2 - 9*o. What is f(8)?
-5
Let v(m) = -3*m + 4. Let l(u) = -4*u + 4. Let s(r) = 5*l(r) - 6*v(r). Let g(j) = j**2 + 7*j - 15. Let t be g(-10). Suppose 6*z + t = -3. Determine s(z).
2
Let m(a) be the second derivative of -a**5/20 - 5*a**4/12 - a**3/3 - 3*a**2 - a. Let d be (-26)/5 + (-11 + 1)/(-50). What is m(d)?
4
Let g(m) = -11*m - 1. Let o = 10 - 5. Suppose 0*c - 5*l = o*c, 5*c - 4*l - 27 = 0. Suppose b - 4 = 5*z, -5*z + 2 - c = -4*b. Determine g(b).
10
Let a(r) = -2*r**2 + r + 1. Let w be a(2). Let k(d) = -d + 2*d + 6*d**2 + d**3 - 44 + 4*d + 7 + 30. Calculate k(w).
-7
Suppose -7*k + 18032 = -0*k. Let h(x) = -k*x + 2576*x + x**2 - 6. Determine h(0).
-6
Let a(g) = g**2 + 22*g + 97. Let y be a(-16). Let k(o) = 7*o**3 + 1. What is k(y)?
8
Let p(x) = 2*x**3 + 2*x**2 - 2*x - 2. Let j be 210/150 - ((-27)/15)/3. Calculate p(j).
18
Let h(j) = j**2 - j - 3. Let r be (-22)/(-99) - (-32)/18. Suppose 0 = r*o - 5*o + 15. Suppose 3*n + 4*q + 8 = -0*q, 0 = -4*n + o*q + 10. Give h(n).
-3
Suppose -4*y - 8 = -4*b, -12*b + 12 = -3*y - 7*b. Let r(f) = -15*f + 10. Give r(y).
-5
Let o(x) = -8*x - x**2 + 18*x - 95 + 86. Give o(11).
-20
Suppose -9*q = -0*q - 1674. Let y(t) = 95 - q - 8*t**2 + t**3 + 9*t + 86. What is y(7)?
9
Let l(o) = o**3 - 19*o**2 + 18*o + 4. Let w(i) = -i**3 + 15*i**2 - 55*i + 24. Let q be w(6). Give l(q).
4
Let v(s) = 96*s**2 + 3*s - 6 - 1 - 100*s**2 + s**3. Give v(4).
5
Suppose 30 = -5*k - 2*h, 16*k + 18 = 13*k + h. Let d(a) = 2*a + 6. Give d(k).
-6
Let f(s) = s**3 + 2*s**2 + 4*s + 3. Suppose 112*v = 128*v + 48. What is f(v)?
-18
Let u(p) = -p - 3 - 2 + 6. Let k(v) = -v + 6 - 13 + 3*v. Let j(z) = -k(z) - 3*u(z). Determine j(-3).
1
Let l(r) = r**3 + 5*r**2 - 9*r - 7. Suppose 8*k + k + 54 = 0. Determine l(k).
11
Let n(u) = u**3 + 7*u**2 + 3*u + 2. Let l be (-4)/(-14) - 132/(-126)*-6. What is n(l)?
20
Let m(g) = -g**2 + 20*g - 14. Let l(v) = -v**3 + 35*v**2 + 38*v - 53. Let q be l(36). What is m(q)?
5
Let c(s) = -s**2 - 9*s - 3. Let x(j) = -j**2 - 3*j + 5. Let m be x(-5). Let p be (-2)/m - (-252)/(-30). What is c(p)?
5
Let t be ((-14)/(-8))/(1/4). Let j(a) = a**3 - 6*a**2 - a + 10. Let m be j(6). Let p(q) = m - 2 - q + 1 + 0*q. Give p(t).
-4
Let v be 3*((-8)/(-3))/2. Let n(z) be the first derivative of z**3/3 - 3*z**2/2 + 789. Calculate n(v).
4
Let d = 5 + -2. Let b(a) = 0*a**2 - 2*a + 2*a**3 - 3 - a**d + 3*a + 5*a**2. Calculate b(-4).
9
Let v(o) = 4*o - 16. Suppose -3635*d + 28 = -3628*d. What is v(d)?
0
Let o(b) be the second derivative of -b**4/3 + b**3/6 + 3*b**2/2 + 46*b. Let j(g) = 7*g**2 - g - 6. Let s(w) = 6*j(w) + 11*o(w). Calculate s(5).
-28
Let m(z) be the first derivative of z**3/3 + 9*z**2/2 - z - 5. Determine m(-7).
-15
Suppose 2*s - 6*s + 16 = 0. Suppose s*h = 7 + 5. Let t(u) = -u + u**3 + 10*u**2 - h*u**2 - 7 - u**2. Determine t(-6).
-1
Let l(p) be the first derivative of -p**3/3 - 3*p**2 + 2*p - 1. Suppose 3*g - 34 = 23. Let c = -24 + g. Determine l(c).
7
Let f(m) = m**2 - 3. Suppose -2*v = 2*d - 7*d - 6, -v + d + 3 = 0. Suppose 0 = -v*k - 6 - 0, -3*z = -3*k - 12. Let n be (z/6)/(1/12). Determine f(n).
13
Let x(h) = 6 + 12*h - 3 + 11*h - 21*h. Give x(3).
9
Suppose -2*q = q. Let c(d) = -d**3 - d**2 - 1. Let p be c(-2). Let a(r) = r + 2*r + p*r - r**2 - 5*r - 1. Determine a(q).
-1
Suppose 0 = -2*c + c + m + 5, -5 = -5*m. Let i be (-4)/6*(-39)/2. Let k(x) = c - i - 3 + x. Determine k(6).
-4
Let s(g) = -2*g + 1. Let t(h) = -h. Let f(w) = 4*s(w) - 5*t(w). Let b(i) = -2*i**2 - 17*i - 2. Let c be b(-8). What is f(c)?
-14
Let i(a) be the third derivative of 0*a**3 + 0*a - 1/24*a**4 + 3*a**2 + 0. Give i(3).
-3
Let n(q) = -q**2 + 9*q + 4. Suppose -3*s =